2, 5
What are the prime factors of (8/(-10))/(16/(-680))?
2, 17
Suppose -2*u - 4*k + 2 + 10 = 0, u = -5*k + 9. Suppose 3 + 1 = u*v. What are the prime factors of 1/(v - 16/17)?
17
Suppose 4*f = -4*n + 16, -4*n = 2*f - f + 8. Suppose -f = -3*m - 2. Suppose 0*b + b = m. What are the prime factors of b?
2
Let x(z) = z + 2. Let o be x(0). Suppose 22 = o*f - s, 0*f - 2*f = 3*s - 14. List the prime factors of f - 0 - (-4)/2.
2, 3
Suppose -2*d + 0 = 2. Let n be 4/4 - (d - 2). Suppose 5*x - 46 - 12 = -n*j, 4*j = 3*x - 22. What are the prime factors of x?
2, 5
Let z = 75 + -36. List the prime factors of z.
3, 13
Let j(w) = -2*w - 6. Let h be j(-4). Suppose -2*p + 41 = 5*z, -h*z = 3*p - 43 - 13. What are the prime factors of p?
2, 3
Let a be (2 - 12/8)*10. Suppose -5*j + 135 = -a*m + 15, 4*j - 2*m = 88. List the prime factors of j.
2, 5
Suppose -3*h + 20 = 2. Suppose -3*i = -p + 4*p, -i - 4*p = h. Suppose -6 = -t - 4*o, i*t - 3*o = -o + 22. What are the prime factors of t?
2, 5
Suppose -5*c + o = -302, 2*c + 4*o - 116 = 2*o. List the prime factors of c.
2, 3, 5
Suppose 10 = 2*a - 0, 4*a - 86 = -3*i. Suppose -i - 23 = -5*f. List the prime factors of f.
3
Suppose -5 - 4 = -3*s, -5*r - 2*s + 416 = 0. What are the prime factors of r?
2, 41
Let m = -16 - -16. Suppose m = -v - 3*l + 37, -3*v = 3*l - 120 + 39. List the prime factors of v.
2, 11
Let l = 65 - 27. What are the prime factors of l?
2, 19
Let b(z) = 2*z**2 + 8*z - 5. List the prime factors of b(-6).
19
Let f(s) = s + 8 + s - s. What are the prime factors of f(7)?
3, 5
Suppose p = -3*u + 6 + 33, 4*p - 26 = -2*u. Suppose 77 = 5*c - u. What are the prime factors of c?
2, 3
Let v = 219 - 56. Suppose 0 = -4*t - 59 + v. What are the prime factors of t?
2, 13
Let l(s) = -s**2 + 8*s - 8. Let u be l(6). Let r(c) = -1 + 4*c - 4*c + u*c + 2. List the prime factors of r(4).
17
Suppose 55 = m - 6. List the prime factors of m.
61
What are the prime factors of (0 - 182/2)/(25 + -26)?
7, 13
Suppose 0 = -3*m - 2*d + 13, -6*d + 2*d = -8. Suppose -m*y = -7*y + 96. List the prime factors of y.
2, 3
Let d(l) = l**2 - 2*l + 1. Let x be d(3). Suppose -4*m - 20 = 0, 0 = x*i - 5*m + 11 - 128. List the prime factors of i.
23
Suppose 2*k = -4*a + 5 + 25, 0 = 3*k + 3*a - 36. Suppose 5*f = -z + 7, 3*f + 5*z + 0 = -k. What are the prime factors of f?
2
Let a = 40 + 238. List the prime factors of a.
2, 139
Let j be (28/6)/((-2)/3). Let z = j + 9. Suppose z*p + 2*p = 68. List the prime factors of p.
17
Suppose 2*a + 4 = a + 3*i, -4*i = -3*a - 2. Let q(f) = 4*f**3 - 2*f**2 + 2*f - 2. List the prime factors of q(a).
2, 13
Suppose 0 = 4*p + 5*q - q + 16, 16 = -4*p - q. Let x be -1 + 1 - 24/p. What are the prime factors of 80/15*x/4?
2
Suppose 4*d + 0 - 8 = 0. List the prime factors of d/3*(-9)/(-2).
3
Let h(l) = l**2 + 3*l + 4. List the prime factors of h(0).
2
Let q = -5 + 7. Let s = -12 + q. Let b = -4 - s. What are the prime factors of b?
2, 3
Suppose 2*p = -0*p - 2*f + 18, -4*p = -4*f + 4. Suppose -h + p*o + o = 22, 2*h + 5*o - 31 = 0. Suppose 6 = h*n - 6. What are the prime factors of n?
2
Suppose 4*d - n - 244 = 0, -d + 3*d + n = 128. What are the prime factors of d?
2, 31
Let z(m) = -23*m**3 - 1. What are the prime factors of z(-1)?
2, 11
Suppose -4*t - b + 76 = -t, -b - 5 = 0. Suppose -t = -4*z - 5*x, -4*z - 17 = -4*x - 89. Let m = z - 4. List the prime factors of m.
3
Let b(n) = n**2 + 8*n + 12. Let u be b(-8). Suppose -j + 1 + u = 0. What are the prime factors of j?
13
Let v = 54 + -11. List the prime factors of v.
43
Let b(i) = -i**2 + 7*i - 3. Let p be b(6). Let g be 10/p*(-12)/(-5). Suppose -4*q - 16 = -g*q. What are the prime factors of q?
2
List the prime factors of (-95)/(-15) - (-1)/(-3).
2, 3
Let u(v) = 8*v - 3. List the prime factors of u(3).
3, 7
Let i be 6/27 + (-178)/(-9). Suppose -5*a + z = 9 - 76, 2*a - i = -3*z. List the prime factors of a.
13
Let y(a) = 2*a**2 - 11 + 11*a - a**2 - 2*a**2. What are the prime factors of y(8)?
13
List the prime factors of (5 - 4)*22/2.
11
Suppose 4*u = -2*a + 54, 5*a + u - 135 = -3*u. List the prime factors of a.
3
Let h(s) = -s**2 + 1 + 0*s**2 - 4*s + 2*s**2. What are the prime factors of h(5)?
2, 3
Let w be 3 - ((-54)/1 - -3). List the prime factors of (w/3)/(2/1).
3
Let p(i) = i**3 + 7*i**2 - i - 4. List the prime factors of p(-6).
2, 19
Suppose -4*l - 2*n + 11 = -1, 0 = -3*l - 3*n + 9. Let o be (-7)/(-21) - 1/l. Suppose o = r - 8 - 0. List the prime factors of r.
2
Let w = 23 + -18. Suppose 3*o = -w*n + 14, 2 - 12 = -4*o + 2*n. List the prime factors of o.
3
Let k(g) = g**3 - 8*g**2 + 2*g + 6. Let v be k(7). Let x = v + 52. What are the prime factors of x?
23
Suppose 0 = -2*b + 541 - 213. List the prime factors of b.
2, 41
Let z(j) = -j**3 + 29*j**2 - 52*j - 39. What are the prime factors of z(27)?
3, 5
Let v(h) = 2*h + 4 + 9*h - 3 + 3*h. What are the prime factors of v(2)?
29
Let t be 12*-3*2/3. Let n = 37 + t. What are the prime factors of n?
13
Let i(t) = -t**2 - 12*t - 8. Let j be i(-11). Suppose j = -d + 5. What are the prime factors of d?
2
Suppose 0 = 4*u - 2*u - 18. Suppose 5*w - 36 = -4*b + u, 3*w = 2*b + 5. What are the prime factors of w?
5
Suppose 3*r = z - 104, z - 18 = 5*r + 94. What are the prime factors of z?
2, 23
Let u(s) = 9*s**2 + 19*s + 1. What are the prime factors of u(-6)?
211
Let b be (0 + (-3 - -4))/(-1). Let u be (-21)/2*(-4)/3. Let y = u + b. List the prime factors of y.
13
Let t be (2/(-5))/(2/(-60)). Let m = t - 9. Suppose m*j + 4 = 4*w, 8 = 6*j - 2*j - 2*w. What are the prime factors of j?
2
Let r = -205 - -291. What are the prime factors of r?
2, 43
Suppose 2*o + 9 + 3 = 5*m, 3*o - 2*m + 7 = 0. Let l be 1*(o - 0/(-3)). List the prime factors of ((-15)/(-9))/(l/(-6)).
2, 5
Suppose -3*y - 36 = -4*y. What are the prime factors of y?
2, 3
Let w(s) = 10*s - 3. Let y(p) = 29*p - 10. Let b(d) = -7*w(d) + 2*y(d). Let a be b(2). Let x = a + 34. What are the prime factors of x?
11
Let m(g) = -g - 1. Let x be m(-9). Let k(c) = c**3 - 6*c**2 + 4*c - 1. Let t be k(5). Let b = t + x. List the prime factors of b.
2
What are the prime factors of (-170)/4*(2 - 70/25)?
2, 17
Let x = 63 - 2. List the prime factors of x.
61
Let d = 10 - 2. Suppose -l + d + 7 = 0. What are the prime factors of l?
3, 5
What are the prime factors of -1*-1*(33 - 2)?
31
Let s(x) = -3*x + 1. Let d be s(-4). Suppose -u - 2*v + d = 0, -5*u - v + 4 + 16 = 0. Suppose 0*k = u*k - 6. List the prime factors of k.
2
Let p(d) = -27*d + 26. List the prime factors of p(-7).
5, 43
Let f(t) = t**2 - 10*t + 7. Let w be 6/(-9) + (-17)/(-3). Let o be f(w). What are the prime factors of (o/4)/((-4)/16)?
2, 3
Let c be 4/18 + 94/(-18). What are the prime factors of (23/(-4))/(c/20)?
23
Let j = -30 - -55. What are the prime factors of j?
5
Suppose 0 = 2*j + j + 18. Let l be j/(-33) - (-9)/11. Let n = l - -3. List the prime factors of n.
2
Let z = 149 + 94. List the prime factors of z.
3
Let o(p) = -p**3 + 2*p + 1. Let c be o(-1). Let l(g) = c - g + 1 - 3*g**2 - g**2 - g**3. What are the prime factors of l(-4)?
5
Let f = 27 + -2. Let t = 4 + f. What are the prime factors of t?
29
Suppose -l + 4*z = 2*l - 26, l = z + 8. What are the prime factors of 2/l*(-54)/(-2)?
3
Let x(z) = -2*z**3 - 2*z**2 + 4*z + 5. List the prime factors of x(-2).
5
Let d(b) = b**2 + 8*b + 4. Let q be d(-8). Suppose 0 - q = 2*m, 2*a - 92 = 4*m. List the prime factors of a.
2, 3, 7
Let k(h) = 5*h**2. Let g be k(-1). Suppose 3*d - 33 = n, -7*d = -2*d - g*n - 65. What are the prime factors of 8/d*125/10?
2, 5
Let o(w) = w**3 + 12*w**2 + 10*w - 6. Let p be o(-11). Let s be (8/6)/((-8)/(-84)). Suppose -31 = -p*r + s. What are the prime factors of r?
3
Let v = 50 - 10. What are the prime factors of v?
2, 5
Let k(g) be the third derivative of g**6/120 + g**5/6 + 7*g**4/24 + g**3/6 - 5*g**2. List the prime factors of k(-9).
19
Let l(k) = -k**2 + 11*k + 7. What are the prime factors of l(8)?
31
Let t = 10 - 6. Let s = t + 11. List the prime factors of s.
3, 5
Let w(z) = 3*z - 6. Let m be -2 + 2 - 1 - -6. Let t be w(m). Suppose i + t - 26 = 0. What are the prime factors of i?
17
Let k(g) = 3 + 3 - g - 5. Let v be k(5). What are the prime factors of 9 - ((v - -2) + 4)?
7
What are the prime factors of (-9671)/(-133) - (-4)/14?
73
Let d = -